 + 18*g**2 - 5*g + 8. Let d(r) = 7*c(r) - 5*m(r). Determine d(4).
-4
Let r(h) be the second derivative of -h**3/3 - 2*h**2 - 112*h + 2. Determine r(6).
-16
Suppose 11*f - 10*f = -4. Let w(x) = x**2 + x - 5. What is w(f)?
7
Suppose 0 + 6 = -3*a. Let f(x) = -x**3 + 2*x**2 + 2*x - 2. Determine f(a).
10
Let u = -9 + 9. Suppose u = -8*g + 12*g - 24. Let f(s) = 2*s**2 - s**2 + 3 - 9*s + 0. Give f(g).
-15
Let n(m) = 6*m**2 - 2*m + 1. Let q be 5/(2 - 1)*6/30. Calculate n(q).
5
Let x(r) be the third derivative of r**4/6 - 5*r**3/6 + 115*r**2. What is x(2)?
3
Let u(w) be the third derivative of w**5/60 + 7*w**4/24 + 2*w**3 - 41*w**2. Give u(-5).
2
Let q be 2*(-4)/(-16)*-4. Let z(a) = -3*a**2 - 3*a. Give z(q).
-6
Let p(a) = -a**2 - 9*a + 14. Suppose 4*x + 41 = -3*h, -7*h + 9*h = -3*x - 28. Calculate p(h).
-8
Suppose 0 = 2*p + m + 12, -17*p + 2*m + 29 = -22*p. Let l(k) = -k**3 - 5*k**2 - 3*k + 1. Determine l(p).
16
Let t(a) = -a**2 - 8*a - 2. Let o be (4/4)/1*0. Let z be ((-2)/6 - (-24)/(-9)) + o. Determine t(z).
13
Let u(t) = t**3 - 5*t**2 - 3*t + 6. Suppose 3*v = -w + 34, 0 = -w + 1 - 6. Suppose v - 1 = -4*z. Let s(f) = -4*f - 7. Let q be s(z). What is u(q)?
-9
Let i(v) = -8*v**2 + 29*v - 9. Let d(l) = -7*l**2 + 28*l - 9. Let j(m) = 6*d(m) - 5*i(m). Give j(10).
21
Let t(i) be the first derivative of i**4/4 - i**3/3 + i + 1. Suppose -14*h - 14 + 0 = 0. Determine t(h).
-1
Let q(y) be the second derivative of -y**5/20 - y**4/12 + y**3/6 - 3*y**2 - 201*y. Give q(0).
-6
Let h(m) = 7*m**2 + 7*m + 2*m + m**2 + 8 - m**3 - 15*m**2. Calculate h(-8).
0
Suppose 20*i - 5*v - 5 = 19*i, v = -5*i - 27. Let l(s) = -s + 3. Give l(i).
8
Suppose 47*h - 51*h - 44 = 0. Let m(t) = -t**2 - 11*t - 6. What is m(h)?
-6
Let z(a) = 17*a + 829. Let b be z(-49). Let f(w) = -w**3 - 4*w**2 + 2*w + 7. Give f(b).
-1
Let i(g) be the first derivative of g**2/2 + 15*g + 9. Let q be i(-16). Let x(p) be the first derivative of -11*p**2/2 - 1. Determine x(q).
11
Let j(w) be the third derivative of -w**9/60480 + w**8/3360 - w**7/1260 + w**6/720 - 3*w**5/10 + 24*w**2. Let r(a) be the third derivative of j(a). Give r(3).
16
Let y(r) = r**2 - 6*r + 3. Suppose 2*p = 3*p - q + 10, 0 = -p + 2*q - 14. Let s be (-1 + 0)*5*3. Let n be (-34)/p - (-10)/s. Determine y(n).
-2
Let o(x) = -x**3 - 4*x**2. Suppose -3*i + 9*i - 30 = 0. Suppose 0 = -4*d - 11 - i. What is o(d)?
0
Let m(v) = v**2 - v + 6. Suppose -5*x - 3*b - 15 = 0, -6*x = -9*x + 4*b + 20. Suppose -p + x*p = 3. Let c be (-1 + p/(-3))/2. Determine m(c).
6
Let n(b) = 2*b + 8. Let r(v) be the first derivative of v**2 + 9*v + 1. Let m(j) = -6*n(j) + 5*r(j). What is m(-3)?
3
Let m(l) = l**2 + 2*l - 3. Suppose -2 = -3*d - y, -4*d + y = 3*y - 4. Suppose -1 = -3*t + k + 3, d = 2*t - 4*k + 4. Determine m(t).
5
Let n be (40/(6 - 1))/(-2). Let w(o) = o - 1. Let y(s) = 8. Let b(k) = 3*w(k) + y(k). Calculate b(n).
-7
Suppose 0 = -37*t - 6*t - 258. Let z(v) = 4*v + v**3 - 6 + 0 + 7*v**2 + 1. Give z(t).
7
Let l(h) = -3*h**2 + 4*h - 3. Let t(r) = -13*r**2 + 15*r - 13. Let g = -133 + 142. Let a(j) = g*l(j) - 2*t(j). Determine a(5).
4
Let k(a) be the first derivative of 4 + 3/2*a**2 + 14*a + 2*a**3. Let r(n) = -5*n**2 - 2*n - 13. Let o(m) = 6*k(m) + 7*r(m). Determine o(-5).
-2
Let d be 1/(-7)*2*(26 - 5). Let g(h) = -h**2 - 4*h + 16. Give g(d).
4
Let g(v) = v + 4. Let j(c) = -c**2 + 19*c - 72. Let k be j(5). Determine g(k).
2
Let g(b) be the second derivative of 2/3*b**3 + 1/2*b**2 - 27*b + 0 + 1/6*b**4. Calculate g(-3).
7
Let o(f) = -4*f**3 - 2*f**2 + 9*f. Let n(g) = -10*g + 11*g**2 - 2 - 20*g**2 + 3 + 10*g**2 + 5*g**3. Let b(q) = 3*n(q) + 4*o(q). What is b(-6)?
3
Let t be ((-8)/(-14))/((-16)/(-56)). Let k(x) = 3 + 0 + 2*x**2 + 4*x**t + x**2 - x**3 - 4*x. Determine k(6).
15
Let f = -25 + 27. Let q(o) = 5*o - 5 + f*o - 1 - o - o**2. Give q(5).
-1
Let v(c) = c**2 + 5*c + 1. Let k(d) = 154*d - 310. Let f be k(2). Give v(f).
-5
Suppose 2*o + o + 61 = 2*m, 71 = 2*m - 5*o. Suppose -19*c = -m*c - 28. Let p(x) = 4 + x - x + x. Calculate p(c).
-3
Let r(z) = -28*z - 4 - 28*z - 29*z + 118*z - 29*z. Calculate r(1).
0
Suppose -4*f = 14 + 2. Let v(z) = z**2 + 3*z + 4. Let s(t) = t**2 + 3*t + 3. Let l(c) = -4*s(c) + 3*v(c). Calculate l(f).
-4
Let r(o) be the first derivative of 11*o - 11/2*o**2 - 11 - 1/4*o**4 + 10/3*o**3. Determine r(9).
-7
Let w(f) be the second derivative of -1/6*f**3 + 2*f**2 + 0 + 2*f. Let q(g) = -g**2 - 11*g + 29. Let n be q(-13). Calculate w(n).
1
Let m(l) = -37*l**2 + 29*l**3 - l + 41*l**2 - 7 - 31*l**3. What is m(3)?
-28
Let b(r) = -r**3 + 2*r**2 + 5*r - 2. Let q be (6/8)/(3/12). Let y be b(q). Let f(m) = 0*m + m - 2*m + y*m**2. Give f(-1).
5
Let s(b) = -b - 5. Let j = 205 + -199. What is s(j)?
-11
Let k(o) = o**3 + 6*o**2 + o. Let c(d) = -d**3 + 11*d**2 - 9*d - 5. Let h be c(10). Suppose 0 = -9*w + h*w - 24. Determine k(w).
-6
Suppose 0 = -11*z - 93 + 71. Let x(j) = -6*j + 1. Calculate x(z).
13
Let f(y) = -2*y**2 + 2*y - 638167 + 638167. Suppose -7 = -4*d + w, 2*w - 1 = 3*d - 0*w. Calculate f(d).
-12
Suppose -6 = q - 4*q. Let m(n) = -n - 2*n - n**3 + 6*n**q + 8*n - 4*n - 1. Determine m(6).
5
Let n(u) be the third derivative of u**6/60 - u**5/15 + u**4/12 + u**3/2 + 23*u**2. Give n(3).
27
Let z(r) be the second derivative of -r**4/12 - r**3/6 + 5*r**2 - 2882*r. Let b be 0/(-3 + 2/2). What is z(b)?
10
Let p = -4 + 29. Let k(v) = -3*v + v**2 + 30 + p - 51. Determine k(3).
4
Let f(a) be the second derivative of -a**5/20 - a**4/3 + 5*a**3/6 - a**2/2 + a. Let v(u) = 166*u - 502. Let c be v(3). Calculate f(c).
-21
Let j(c) = 2*c**2 + 4*c - 1. Let y be 4/34 + (-4)/34. Suppose -u - 2*n = 0, u + y*u - 1 = -n. Let w be (1/u)/(4/(-32)). What is j(w)?
15
Let u(q) = -2*q**3 - 10*q**2 + q + 7. Let v(o) = -o**3 - 5*o**2 + o + 4. Suppose 0 = 16*k - 22*k - 30. Let g(b) = k*v(b) + 3*u(b). What is g(-3)?
-11
Let x(g) = -g**2 + 6*g + 3. Let o(q) = 14*q - 22. Let p be -2*(-1 + 12/8)*-2. Let s be o(p). What is x(s)?
3
Let b = 6 + -17. Let x = 11 + b. Suppose x*w = w + 6. Let g(t) = -t - 4. Determine g(w).
2
Let v(z) = 2*z - z - 15 + 0*z**3 + z**3. Let g be (104/(-13) - -8)/3. Determine v(g).
-15
Let p(n) = -2*n**2 - n. Let k(i) = -i**2 + 11*i + 2. Let g be k(12). Let h be (-212)/g - 2/10. Suppose h = -y - 5*u, -2*y = 2*y - u. What is p(y)?
-1
Let a(x) be the first derivative of -x**2/2 + 4*x - 222. Calculate a(-4).
8
Let i(v) = -2*v**2 - 3*v + 3. Let q be i(-1). Let j(t) = 1 + 1 + 39*t - 41*t. What is j(q)?
-6
Suppose -2*v - v = -18. Let u(i) be the second derivative of i**6/720 - 13*i**5/120 - 5*i**4/4 - 3*i. Let a(g) be the third derivative of u(g). Give a(v).
-7
Let h(j) = -j**2 + 10*j + 12. Let b be (-12)/(-2)*(-78)/(-39). Determine h(b).
-12
Let i(l) = 8 + 18 + 3*l + 11 - 25. Let g(h) = 2*h + 6. Let z(x) = -5*g(x) + 3*i(x). Give z(10).
-4
Let y(l) = 9*l - 104. Let a be y(13). Let v(r) = -r**2 + 13*r - 5. Determine v(a).
-5
Let h(q) = -q**3 + q**2 + 2*q + 1. Suppose 0 = -22*l - 9 - 57. Calculate h(l).
31
Suppose 9*y = 4*y. Let j = y - -3. Let c be (-2 + j + -4)/1. Let q(u) = -u**2 - u + 4. Give q(c).
-2
Let i(f) = -7*f - 2 + 5*f + 4*f. Suppose -2*t + 14 = 5*z - 1, 3*z + 4*t = -5. Give i(z).
8
Let k be 63/45 + (-6)/(-10). Let r be 2 + 0/(-4) - -13. Let p(q) = -35 + 36 + 4*q**k + q + r*q**2 + q. Determine p(-1).
18
Let x(b) = -2*b + 10. Let t(u) = -23*u - 483. Let f be t(-21). Let d be 0 + 0 + 2*1. Suppose -d*h = -f*h - 14. Determine x(h).
-4
Suppose -5*j = 0, x + 3 = j + 5. Suppose 0 = -6*w + 2*w + 4. Let c(m) = -w - 2 - 2*m**2 + 4 + m**2. Give c(x).
-3
Let r(v) = -13*v + 3. Let b(p) = -16*p + 5. Let j(u) = 5*b(u) - 6*r(u). Suppose -2*o + 8 = -2. Calculate j(o).
-3
Let n(i) = -1 - i - 6*i + 15 + 0*i + 9*i. Determine n(-11).
-8
Let o = 45 + -37. Let g(n) = 387*n + 388*n - 774*n - 2. Calculate g(o).
6
Let j(a) be the first derivative of 3*a**2/2 + 39*a - 138. Give j(-12).
3
Let w(h) = -h**3 - h**2 + h + 5. Let p be (-83 + 83)*(0/2 + 1). Calculate w(p).
5
Let h = -301 + 306. Let u(n) = -2*n + 7. Give u(h).
-3
Let y be ((-4)/(-10))/((-4)/20) - 2. Let o be y/(-8)*-2*4. Let q(g) = 5*g**2 + 2*g. Let t(n) = n**2 + n. Let k(c) = q(c) - 6*t(c). Give k(o).
0
Let z(d) = 6*d**2 + 10*d + 2*d - 2*d**2 + 5*d - 22*d. Determine z(2).
6
Suppose -3*d - 18 - 15 = 0. Let s(h) = 7*h - 1. Le